{"id":860,"date":"2017-09-30T22:03:18","date_gmt":"2017-09-30T20:03:18","guid":{"rendered":"https:\/\/locappartavoriaz.com\/?page_id=860"},"modified":"2024-09-09T20:30:19","modified_gmt":"2024-09-09T18:30:19","slug":"comment-venir-en-voiture","status":"publish","type":"page","link":"https:\/\/locappartavoriaz.com\/index.php\/comment-venir-en-voiture\/","title":{"rendered":"Comment venir en voiture ?"},"content":{"rendered":"<figure id=\"attachment_1198\" class=\"thumbnail wp-caption aligncenter\" style=\"width: 555px\"><a href=\"https:\/\/www.viamichelin.fr\/\"><img loading=\"lazy\" decoding=\"async\" class=\"wp-image-1198\" src=\"https:\/\/locappartavoriaz.com\/wp-content\/uploads\/2020\/09\/Venir-en-voiture-300x155.jpg\" alt=\"\" width=\"555\" height=\"287\" srcset=\"https:\/\/locappartavoriaz.com\/wp-content\/uploads\/2020\/09\/Venir-en-voiture-300x155.jpg 300w, https:\/\/locappartavoriaz.com\/wp-content\/uploads\/2020\/09\/Venir-en-voiture-768x398.jpg 768w, https:\/\/locappartavoriaz.com\/wp-content\/uploads\/2020\/09\/Venir-en-voiture.jpg 879w\" sizes=\"auto, (max-width: 555px) 100vw, 555px\" \/><\/a><figcaption class=\"caption wp-caption-text\">Cliquer sur la photo pour acc\u00e9der \u00e0 VIAMICHELIN<\/figcaption><\/figure>\n<div class=\"kad-youtube-shortcode videofit\"  ><iframe loading=\"lazy\" width=\"600\" height=\"400\" src=\"\/\/www.youtube.com\/embed\/VssBThH_YBg?autoplay=0&amp;controls=1&amp;fs=1&amp;modestbranding=0&amp;theme=dark&amp;rel=0&amp;loop=0\" frameborder=\"0\" allowfullscreen=\"true\"><\/iframe><\/div>\n<p>&nbsp;<\/p>\n<h4><strong>De fa\u00e7on r\u00e9sum\u00e9 voici comment venir\u00a0<\/strong><\/h4>\n<ul>\n<li>\n<h5><span style=\"color: #0000ff;\"><strong>EN PROVENANCE DU NORD DE LA FRANCE<\/strong><\/span><\/h5>\n<\/li>\n<\/ul>\n<div class=\"cnt_cols_x2 clearfix\">\n<p>Passer par Dijon pour ensuite rejoindre l\u2019A40 en direction de Chamonix. Sortie n\u00b018, direction Taninges par la D902, puis direction Les Gets et Morzine-Avoriaz.<\/p>\n<\/div>\n<div class=\"cnt_cols_x2 clearfix\">\n<ul>\n<li>\n<h5><span style=\"color: #0000ff;\"><strong>DEPUIS L\u2019ALSACE<\/strong><\/span><\/h5>\n<\/li>\n<\/ul>\n<p>Passer par la Suisse, puis prendre la direction de Thonon Les Bains, puis Morzine-Avoriaz pour un trajet plus court.<\/p>\n<\/div>\n<div class=\"cnt_cols_x2 clearfix\">\n<div class=\"cnt_col\">\n<ul>\n<li>\n<h5><span style=\"color: #0000ff;\"><strong>EN PROVENANCE DU CENTRE ET DE L\u2019OUEST<\/strong><\/span><\/h5>\n<\/li>\n<\/ul>\n<p>Passer par Lyon pour ensuite rejoindre l\u2019A40 en direction de Chamonix. Sortie n\u00b018, direction Taninges par la D902, puis direction Les Gets et Morzine-Avoriaz.<\/p>\n<div class=\"cnt_col\">\n<ul>\n<li>\n<h5><span style=\"color: #0000ff;\"><strong>EN PROVENANCE DU SUD<\/strong><\/span><\/h5>\n<\/li>\n<\/ul>\n<p>Passer par Valence puis Grenoble, pour ensuite rejoindre l\u2019A40 en direction de Chamonix. Sortie n\u00b018, direction Taninges par la D902, puis direction Les Gets et Morzine-Avoriaz.<\/p>\n<\/div>\n<\/div>\n<\/div>\n<p><strong>U<\/strong><strong>ne fois arriv\u00e9 \u00e0 Morzine<\/strong>, vous avez la possibilit\u00e9 soit :<\/p>\n<div class=\"cnt_cols_x2 clearfix\">\n<p><strong>De monter \u00e0 la station d&rsquo;avoriaz<\/strong> et de vous garez dans les parkings selon les disponibilit\u00e9s.<\/p>\n<p><strong>De stationner au Parking des Prodains<\/strong> au pieds du t\u00e9l\u00e9ph\u00e9rique \u00e0 Morzine et de monter jusqu&rsquo;\u00e0 Avoriaz par les t\u00e9l\u00e9cabines 4S (5 min de trajet).<\/p>\n<p>Vous pourrez rejoindre l&rsquo;immeuble \u00ab\u00a0Le Vivace\u00a0\u00bb, gr\u00e2ce aux chenillettes (payant) , ou avec une barquette porte-valises mise \u00e0 la disposition gratuitement.<\/p>\n<\/div>\n","protected":false},"excerpt":{"rendered":"<p>&nbsp; De fa\u00e7on r\u00e9sum\u00e9 voici comment venir\u00a0 EN PROVENANCE DU NORD DE LA FRANCE Passer par Dijon pour ensuite rejoindre l\u2019A40 en direction de Chamonix. Sortie n\u00b018, direction Taninges par la D902, puis direction Les Gets et Morzine-Avoriaz. DEPUIS L\u2019ALSACE &hellip; <a href=\"https:\/\/locappartavoriaz.com\/index.php\/comment-venir-en-voiture\/\">Lire la suite\u00ad\u00ad<\/a><\/p>\n","protected":false},"author":1,"featured_media":0,"parent":0,"menu_order":1,"comment_status":"closed","ping_status":"closed","template":"page-feature.php","meta":{"kt_blocks_editor_width":"","two_page_speed":[],"footnotes":""},"class_list":["post-860","page","type-page","status-publish","hentry"],"yoast_head":"<!-- This site is optimized with the Yoast SEO plugin v27.1.1 - https:\/\/yoast.com\/product\/yoast-seo-wordpress\/ -->\n<title>Comment venir en voiture ? -<\/title>\n<meta name=\"robots\" content=\"index, follow, max-snippet:-1, max-image-preview:large, max-video-preview:-1\" \/>\n<link rel=\"canonical\" href=\"https:\/\/locappartavoriaz.com\/index.php\/comment-venir-en-voiture\/\" \/>\n<meta property=\"og:locale\" content=\"fr_FR\" \/>\n<meta property=\"og:type\" content=\"article\" \/>\n<meta property=\"og:title\" content=\"Comment venir en voiture ? -\" \/>\n<meta property=\"og:description\" content=\"&nbsp; De fa\u00e7on r\u00e9sum\u00e9 voici comment venir\u00a0 EN PROVENANCE DU NORD DE LA FRANCE Passer par Dijon pour ensuite rejoindre l\u2019A40 en direction de Chamonix. Sortie n\u00b018, direction Taninges par la D902, puis direction Les Gets et Morzine-Avoriaz. DEPUIS L\u2019ALSACE &hellip; Lire la suite\u00ad\u00ad\" \/>\n<meta property=\"og:url\" content=\"https:\/\/locappartavoriaz.com\/index.php\/comment-venir-en-voiture\/\" \/>\n<meta property=\"article:publisher\" content=\"https:\/\/www.facebook.com\/profile.php?id=100016065439269\" \/>\n<meta property=\"article:modified_time\" content=\"2024-09-09T18:30:19+00:00\" \/>\n<meta property=\"og:image\" content=\"https:\/\/locappartavoriaz.com\/wp-content\/uploads\/2020\/09\/Venir-en-voiture-300x155.jpg\" \/>\n<meta name=\"twitter:card\" content=\"summary_large_image\" \/>\n<meta name=\"twitter:label1\" content=\"Dur\u00e9e de lecture estim\u00e9e\" \/>\n\t<meta name=\"twitter:data1\" content=\"2 minutes\" \/>\n<script type=\"application\/ld+json\" class=\"yoast-schema-graph\">{\"@context\":\"https:\/\/schema.org\",\"@graph\":[{\"@type\":\"WebPage\",\"@id\":\"https:\/\/locappartavoriaz.com\/index.php\/comment-venir-en-voiture\/\",\"url\":\"https:\/\/locappartavoriaz.com\/index.php\/comment-venir-en-voiture\/\",\"name\":\"Comment venir en voiture ? -\",\"isPartOf\":{\"@id\":\"https:\/\/locappartavoriaz.com\/#website\"},\"primaryImageOfPage\":{\"@id\":\"https:\/\/locappartavoriaz.com\/index.php\/comment-venir-en-voiture\/#primaryimage\"},\"image\":{\"@id\":\"https:\/\/locappartavoriaz.com\/index.php\/comment-venir-en-voiture\/#primaryimage\"},\"thumbnailUrl\":\"https:\/\/locappartavoriaz.com\/wp-content\/uploads\/2020\/09\/Venir-en-voiture-300x155.jpg\",\"datePublished\":\"2017-09-30T20:03:18+00:00\",\"dateModified\":\"2024-09-09T18:30:19+00:00\",\"breadcrumb\":{\"@id\":\"https:\/\/locappartavoriaz.com\/index.php\/comment-venir-en-voiture\/#breadcrumb\"},\"inLanguage\":\"fr-FR\",\"potentialAction\":[{\"@type\":\"ReadAction\",\"target\":[\"https:\/\/locappartavoriaz.com\/index.php\/comment-venir-en-voiture\/\"]}]},{\"@type\":\"ImageObject\",\"inLanguage\":\"fr-FR\",\"@id\":\"https:\/\/locappartavoriaz.com\/index.php\/comment-venir-en-voiture\/#primaryimage\",\"url\":\"https:\/\/locappartavoriaz.com\/wp-content\/uploads\/2020\/09\/Venir-en-voiture.jpg\",\"contentUrl\":\"https:\/\/locappartavoriaz.com\/wp-content\/uploads\/2020\/09\/Venir-en-voiture.jpg\",\"width\":879,\"height\":455},{\"@type\":\"BreadcrumbList\",\"@id\":\"https:\/\/locappartavoriaz.com\/index.php\/comment-venir-en-voiture\/#breadcrumb\",\"itemListElement\":[{\"@type\":\"ListItem\",\"position\":1,\"name\":\"Accueil\",\"item\":\"https:\/\/locappartavoriaz.com\/\"},{\"@type\":\"ListItem\",\"position\":2,\"name\":\"Comment venir en voiture ?\"}]},{\"@type\":\"WebSite\",\"@id\":\"https:\/\/locappartavoriaz.com\/#website\",\"url\":\"https:\/\/locappartavoriaz.com\/\",\"name\":\"locappartavoriaz.com\",\"description\":\"Un site utilisant WordPress\",\"publisher\":{\"@id\":\"https:\/\/locappartavoriaz.com\/#organization\"},\"potentialAction\":[{\"@type\":\"SearchAction\",\"target\":{\"@type\":\"EntryPoint\",\"urlTemplate\":\"https:\/\/locappartavoriaz.com\/?s={search_term_string}\"},\"query-input\":{\"@type\":\"PropertyValueSpecification\",\"valueRequired\":true,\"valueName\":\"search_term_string\"}}],\"inLanguage\":\"fr-FR\"},{\"@type\":\"Organization\",\"@id\":\"https:\/\/locappartavoriaz.com\/#organization\",\"name\":\"loc appart avoriaz\",\"url\":\"https:\/\/locappartavoriaz.com\/\",\"logo\":{\"@type\":\"ImageObject\",\"inLanguage\":\"fr-FR\",\"@id\":\"https:\/\/locappartavoriaz.com\/#\/schema\/logo\/image\/\",\"url\":\"https:\/\/locappartavoriaz.com\/wp-content\/uploads\/2024\/09\/logo.jpg\",\"contentUrl\":\"https:\/\/locappartavoriaz.com\/wp-content\/uploads\/2024\/09\/logo.jpg\",\"width\":698,\"height\":395,\"caption\":\"loc appart avoriaz\"},\"image\":{\"@id\":\"https:\/\/locappartavoriaz.com\/#\/schema\/logo\/image\/\"},\"sameAs\":[\"https:\/\/www.facebook.com\/profile.php?id=100016065439269\"]}]}<\/script>\n<!-- \/ Yoast SEO plugin. -->","yoast_head_json":{"title":"Comment venir en voiture ? -","robots":{"index":"index","follow":"follow","max-snippet":"max-snippet:-1","max-image-preview":"max-image-preview:large","max-video-preview":"max-video-preview:-1"},"canonical":"https:\/\/locappartavoriaz.com\/index.php\/comment-venir-en-voiture\/","og_locale":"fr_FR","og_type":"article","og_title":"Comment venir en voiture ? -","og_description":"&nbsp; De fa\u00e7on r\u00e9sum\u00e9 voici comment venir\u00a0 EN PROVENANCE DU NORD DE LA FRANCE Passer par Dijon pour ensuite rejoindre l\u2019A40 en direction de Chamonix. Sortie n\u00b018, direction Taninges par la D902, puis direction Les Gets et Morzine-Avoriaz. DEPUIS L\u2019ALSACE &hellip; Lire la suite\u00ad\u00ad","og_url":"https:\/\/locappartavoriaz.com\/index.php\/comment-venir-en-voiture\/","article_publisher":"https:\/\/www.facebook.com\/profile.php?id=100016065439269","article_modified_time":"2024-09-09T18:30:19+00:00","og_image":[{"url":"https:\/\/locappartavoriaz.com\/wp-content\/uploads\/2020\/09\/Venir-en-voiture-300x155.jpg","type":"","width":"","height":""}],"twitter_card":"summary_large_image","twitter_misc":{"Dur\u00e9e de lecture estim\u00e9e":"2 minutes"},"schema":{"@context":"https:\/\/schema.org","@graph":[{"@type":"WebPage","@id":"https:\/\/locappartavoriaz.com\/index.php\/comment-venir-en-voiture\/","url":"https:\/\/locappartavoriaz.com\/index.php\/comment-venir-en-voiture\/","name":"Comment venir en voiture ? -","isPartOf":{"@id":"https:\/\/locappartavoriaz.com\/#website"},"primaryImageOfPage":{"@id":"https:\/\/locappartavoriaz.com\/index.php\/comment-venir-en-voiture\/#primaryimage"},"image":{"@id":"https:\/\/locappartavoriaz.com\/index.php\/comment-venir-en-voiture\/#primaryimage"},"thumbnailUrl":"https:\/\/locappartavoriaz.com\/wp-content\/uploads\/2020\/09\/Venir-en-voiture-300x155.jpg","datePublished":"2017-09-30T20:03:18+00:00","dateModified":"2024-09-09T18:30:19+00:00","breadcrumb":{"@id":"https:\/\/locappartavoriaz.com\/index.php\/comment-venir-en-voiture\/#breadcrumb"},"inLanguage":"fr-FR","potentialAction":[{"@type":"ReadAction","target":["https:\/\/locappartavoriaz.com\/index.php\/comment-venir-en-voiture\/"]}]},{"@type":"ImageObject","inLanguage":"fr-FR","@id":"https:\/\/locappartavoriaz.com\/index.php\/comment-venir-en-voiture\/#primaryimage","url":"https:\/\/locappartavoriaz.com\/wp-content\/uploads\/2020\/09\/Venir-en-voiture.jpg","contentUrl":"https:\/\/locappartavoriaz.com\/wp-content\/uploads\/2020\/09\/Venir-en-voiture.jpg","width":879,"height":455},{"@type":"BreadcrumbList","@id":"https:\/\/locappartavoriaz.com\/index.php\/comment-venir-en-voiture\/#breadcrumb","itemListElement":[{"@type":"ListItem","position":1,"name":"Accueil","item":"https:\/\/locappartavoriaz.com\/"},{"@type":"ListItem","position":2,"name":"Comment venir en voiture ?"}]},{"@type":"WebSite","@id":"https:\/\/locappartavoriaz.com\/#website","url":"https:\/\/locappartavoriaz.com\/","name":"locappartavoriaz.com","description":"Un site utilisant WordPress","publisher":{"@id":"https:\/\/locappartavoriaz.com\/#organization"},"potentialAction":[{"@type":"SearchAction","target":{"@type":"EntryPoint","urlTemplate":"https:\/\/locappartavoriaz.com\/?s={search_term_string}"},"query-input":{"@type":"PropertyValueSpecification","valueRequired":true,"valueName":"search_term_string"}}],"inLanguage":"fr-FR"},{"@type":"Organization","@id":"https:\/\/locappartavoriaz.com\/#organization","name":"loc appart avoriaz","url":"https:\/\/locappartavoriaz.com\/","logo":{"@type":"ImageObject","inLanguage":"fr-FR","@id":"https:\/\/locappartavoriaz.com\/#\/schema\/logo\/image\/","url":"https:\/\/locappartavoriaz.com\/wp-content\/uploads\/2024\/09\/logo.jpg","contentUrl":"https:\/\/locappartavoriaz.com\/wp-content\/uploads\/2024\/09\/logo.jpg","width":698,"height":395,"caption":"loc appart avoriaz"},"image":{"@id":"https:\/\/locappartavoriaz.com\/#\/schema\/logo\/image\/"},"sameAs":["https:\/\/www.facebook.com\/profile.php?id=100016065439269"]}]}},"_links":{"self":[{"href":"https:\/\/locappartavoriaz.com\/index.php\/wp-json\/wp\/v2\/pages\/860","targetHints":{"allow":["GET"]}}],"collection":[{"href":"https:\/\/locappartavoriaz.com\/index.php\/wp-json\/wp\/v2\/pages"}],"about":[{"href":"https:\/\/locappartavoriaz.com\/index.php\/wp-json\/wp\/v2\/types\/page"}],"author":[{"embeddable":true,"href":"https:\/\/locappartavoriaz.com\/index.php\/wp-json\/wp\/v2\/users\/1"}],"replies":[{"embeddable":true,"href":"https:\/\/locappartavoriaz.com\/index.php\/wp-json\/wp\/v2\/comments?post=860"}],"version-history":[{"count":9,"href":"https:\/\/locappartavoriaz.com\/index.php\/wp-json\/wp\/v2\/pages\/860\/revisions"}],"predecessor-version":[{"id":2114,"href":"https:\/\/locappartavoriaz.com\/index.php\/wp-json\/wp\/v2\/pages\/860\/revisions\/2114"}],"wp:attachment":[{"href":"https:\/\/locappartavoriaz.com\/index.php\/wp-json\/wp\/v2\/media?parent=860"}],"curies":[{"name":"wp","href":"https:\/\/api.w.org\/{rel}","templated":true}]}}