{"id":400,"date":"2017-08-27T23:21:22","date_gmt":"2017-08-27T21:21:22","guid":{"rendered":"https:\/\/locappartavoriaz.com\/?page_id=400"},"modified":"2024-09-07T20:48:24","modified_gmt":"2024-09-07T18:48:24","slug":"qui-sommes-nous","status":"publish","type":"page","link":"https:\/\/locappartavoriaz.com\/index.php\/qui-sommes-nous\/","title":{"rendered":"Qui sommes-nous ?"},"content":{"rendered":"<div class=\"wp-block-image is-style-rounded\">\r\n<figure class=\"aligncenter size-large is-resized\"><img loading=\"lazy\" decoding=\"async\" width=\"988\" height=\"529\" class=\"wp-image-1314\" style=\"width: 802px; height: 429px;\" src=\"https:\/\/locappartavoriaz.com\/wp-content\/uploads\/2020\/09\/Avoriaz_locapparavoriaznous2.jpg\" alt=\"\" srcset=\"https:\/\/locappartavoriaz.com\/wp-content\/uploads\/2020\/09\/Avoriaz_locapparavoriaznous2.jpg 988w, https:\/\/locappartavoriaz.com\/wp-content\/uploads\/2020\/09\/Avoriaz_locapparavoriaznous2-300x161.jpg 300w, https:\/\/locappartavoriaz.com\/wp-content\/uploads\/2020\/09\/Avoriaz_locapparavoriaznous2-768x411.jpg 768w\" sizes=\"auto, (max-width: 988px) 100vw, 988px\" \/><\/figure>\r\n<\/div>\r\n<h5><span style=\"color: #333399;\"><img loading=\"lazy\" decoding=\"async\" class=\"size-medium wp-image-571 alignright\" src=\"https:\/\/loc-appartavoriaz.000webhostapp.com\/wp-content\/uploads\/2017\/08\/Avoriaz_locapparavoriaznous2-300x161.jpg\" alt=\"\" width=\"300\" height=\"161\" \/><\/span><\/h5>\r\n<h5><span style=\"color: #000080;\">Amoureux de la montagne, adepte de ski de randonn\u00e9e pour le contact avec la nature et le ski dans de grands espaces, nous avons adopt\u00e9 la station d&rsquo;Avoriaz et son domaine skiable depuis plus de 30 ans.<\/span><\/h5>\r\n<h5><span style=\"color: #000080;\">Si vous appr\u00e9ciez le contact personnalis\u00e9 en dehors des grands groupes de location, une prestation avec un excellent rapport qualit\u00e9 prix\u00a0et\/ou recherchez des conseils pour votre s\u00e9jour, nous sommes \u00e0 votre \u00e9coute.<\/span><\/h5>\r\n<h5><span style=\"color: #000080;\">Nous vous ferons profiter d&rsquo;un partenariat privil\u00e9gi\u00e9 avec\u00a0la boutique \u00ab\u00a0Antoine ski\u00a0\u00bb pour vos locations de skis et \u00e9quipements<\/span><\/h5>\r\n<h5><span style=\"color: #000080;\">Si vous avez besin de plusieurs logement pour \u00eatre entre amis ou en famille, nous pourrons vous orientez vers d&rsquo;autres propri\u00e9taires dans le m\u00eame immeuble.<\/span><\/h5>\r\n<h5><span style=\"color: #000080;\">N&rsquo;h\u00e9sitez pas \u00e0 nous contacter, vous vous r\u00e9pondrons sous 24h maximum<\/span><\/h5>\r\n<h5>\u00a0<\/h5>\r\n<h4><span style=\"color: #000080;\"><strong><em>Ou sommes-nous situ\u00e9 dans Avoriaz ?<\/em>\u00a0<\/strong><\/span><\/h4>\r\n<h5><span style=\"color: #000080;\"><strong>L&rsquo;immeuble Vivace, quartier des RUCHES<\/strong> (cot\u00e9 droit sur le plan ci-dessous) est <strong>id\u00e9alement situ\u00e9<\/strong> \u00e0 proximit\u00e9 du village des enfants, du centre d&rsquo;Avoriaz et de ses commer\u00e7ants, tout en evitant les nuisances sonores de la vie nocturne.<\/span><\/h5>\r\n<h5><span style=\"color: #000080;\">Tout au long de la saison, vous pourrez chausser vos skis au pieds de l&rsquo;immeuble avec un acc\u00e8s direct aux t\u00e9l\u00e9si\u00e8ges menant aux pistes principales<\/span><\/h5>\r\n\r\n<figure class=\"wp-block-image size-large is-resized is-style-rounded\"><img loading=\"lazy\" decoding=\"async\" width=\"1024\" height=\"660\" class=\"wp-image-1282\" style=\"width: 982px; height: auto;\" src=\"https:\/\/locappartavoriaz.com\/wp-content\/uploads\/2020\/09\/Capture-decran-2020-09-15-222100-1024x660.png\" alt=\"\" srcset=\"https:\/\/locappartavoriaz.com\/wp-content\/uploads\/2020\/09\/Capture-decran-2020-09-15-222100-1024x660.png 1024w, https:\/\/locappartavoriaz.com\/wp-content\/uploads\/2020\/09\/Capture-decran-2020-09-15-222100-300x193.png 300w, https:\/\/locappartavoriaz.com\/wp-content\/uploads\/2020\/09\/Capture-decran-2020-09-15-222100-768x495.png 768w, https:\/\/locappartavoriaz.com\/wp-content\/uploads\/2020\/09\/Capture-decran-2020-09-15-222100.png 1090w\" sizes=\"auto, (max-width: 1024px) 100vw, 1024px\" \/><\/figure>\r\n\r\n\r\n\r\n<p>&nbsp;<\/p>\r\n","protected":false},"excerpt":{"rendered":"<p>Amoureux de la montagne, adepte de ski de randonn\u00e9e pour le contact avec la nature et le ski dans de grands espaces, nous avons adopt\u00e9 la station d&rsquo;Avoriaz et son domaine skiable depuis plus de 30 ans. Si vous appr\u00e9ciez &hellip; <a href=\"https:\/\/locappartavoriaz.com\/index.php\/qui-sommes-nous\/\">Lire la suite\u00ad\u00ad<\/a><\/p>\n","protected":false},"author":1,"featured_media":0,"parent":0,"menu_order":1,"comment_status":"closed","ping_status":"closed","template":"","meta":{"kt_blocks_editor_width":"","two_page_speed":[],"footnotes":""},"class_list":["post-400","page","type-page","status-publish","hentry"],"yoast_head":"<!-- This site is optimized with the Yoast SEO plugin v27.1.1 - https:\/\/yoast.com\/product\/yoast-seo-wordpress\/ -->\n<title>Qui sommes-nous ? -<\/title>\n<meta name=\"robots\" content=\"index, follow, max-snippet:-1, max-image-preview:large, max-video-preview:-1\" \/>\n<link rel=\"canonical\" href=\"https:\/\/locappartavoriaz.com\/index.php\/qui-sommes-nous\/\" \/>\n<meta property=\"og:locale\" content=\"fr_FR\" \/>\n<meta property=\"og:type\" content=\"article\" \/>\n<meta property=\"og:title\" content=\"Qui sommes-nous ? -\" \/>\n<meta property=\"og:description\" content=\"Amoureux de la montagne, adepte de ski de randonn\u00e9e pour le contact avec la nature et le ski dans de grands espaces, nous avons adopt\u00e9 la station d&rsquo;Avoriaz et son domaine skiable depuis plus de 30 ans. Si vous appr\u00e9ciez &hellip; Lire la suite\u00ad\u00ad\" \/>\n<meta property=\"og:url\" content=\"https:\/\/locappartavoriaz.com\/index.php\/qui-sommes-nous\/\" \/>\n<meta property=\"article:publisher\" content=\"https:\/\/www.facebook.com\/profile.php?id=100016065439269\" \/>\n<meta property=\"article:modified_time\" content=\"2024-09-07T18:48:24+00:00\" \/>\n<meta property=\"og:image\" content=\"https:\/\/locappartavoriaz.com\/wp-content\/uploads\/2020\/09\/Avoriaz_locapparavoriaznous2.jpg\" \/>\n<meta name=\"twitter:card\" content=\"summary_large_image\" \/>\n<meta name=\"twitter:label1\" content=\"Dur\u00e9e de lecture estim\u00e9e\" \/>\n\t<meta name=\"twitter:data1\" content=\"2 minutes\" \/>\n<script type=\"application\/ld+json\" class=\"yoast-schema-graph\">{\"@context\":\"https:\/\/schema.org\",\"@graph\":[{\"@type\":\"WebPage\",\"@id\":\"https:\/\/locappartavoriaz.com\/index.php\/qui-sommes-nous\/\",\"url\":\"https:\/\/locappartavoriaz.com\/index.php\/qui-sommes-nous\/\",\"name\":\"Qui sommes-nous ? -\",\"isPartOf\":{\"@id\":\"https:\/\/locappartavoriaz.com\/#website\"},\"primaryImageOfPage\":{\"@id\":\"https:\/\/locappartavoriaz.com\/index.php\/qui-sommes-nous\/#primaryimage\"},\"image\":{\"@id\":\"https:\/\/locappartavoriaz.com\/index.php\/qui-sommes-nous\/#primaryimage\"},\"thumbnailUrl\":\"https:\/\/locappartavoriaz.com\/wp-content\/uploads\/2020\/09\/Avoriaz_locapparavoriaznous2.jpg\",\"datePublished\":\"2017-08-27T21:21:22+00:00\",\"dateModified\":\"2024-09-07T18:48:24+00:00\",\"breadcrumb\":{\"@id\":\"https:\/\/locappartavoriaz.com\/index.php\/qui-sommes-nous\/#breadcrumb\"},\"inLanguage\":\"fr-FR\",\"potentialAction\":[{\"@type\":\"ReadAction\",\"target\":[\"https:\/\/locappartavoriaz.com\/index.php\/qui-sommes-nous\/\"]}]},{\"@type\":\"ImageObject\",\"inLanguage\":\"fr-FR\",\"@id\":\"https:\/\/locappartavoriaz.com\/index.php\/qui-sommes-nous\/#primaryimage\",\"url\":\"https:\/\/locappartavoriaz.com\/wp-content\/uploads\/2020\/09\/Avoriaz_locapparavoriaznous2.jpg\",\"contentUrl\":\"https:\/\/locappartavoriaz.com\/wp-content\/uploads\/2020\/09\/Avoriaz_locapparavoriaznous2.jpg\",\"width\":988,\"height\":529},{\"@type\":\"BreadcrumbList\",\"@id\":\"https:\/\/locappartavoriaz.com\/index.php\/qui-sommes-nous\/#breadcrumb\",\"itemListElement\":[{\"@type\":\"ListItem\",\"position\":1,\"name\":\"Accueil\",\"item\":\"https:\/\/locappartavoriaz.com\/\"},{\"@type\":\"ListItem\",\"position\":2,\"name\":\"Qui sommes-nous ?\"}]},{\"@type\":\"WebSite\",\"@id\":\"https:\/\/locappartavoriaz.com\/#website\",\"url\":\"https:\/\/locappartavoriaz.com\/\",\"name\":\"locappartavoriaz.com\",\"description\":\"Un site utilisant WordPress\",\"publisher\":{\"@id\":\"https:\/\/locappartavoriaz.com\/#organization\"},\"potentialAction\":[{\"@type\":\"SearchAction\",\"target\":{\"@type\":\"EntryPoint\",\"urlTemplate\":\"https:\/\/locappartavoriaz.com\/?s={search_term_string}\"},\"query-input\":{\"@type\":\"PropertyValueSpecification\",\"valueRequired\":true,\"valueName\":\"search_term_string\"}}],\"inLanguage\":\"fr-FR\"},{\"@type\":\"Organization\",\"@id\":\"https:\/\/locappartavoriaz.com\/#organization\",\"name\":\"loc appart avoriaz\",\"url\":\"https:\/\/locappartavoriaz.com\/\",\"logo\":{\"@type\":\"ImageObject\",\"inLanguage\":\"fr-FR\",\"@id\":\"https:\/\/locappartavoriaz.com\/#\/schema\/logo\/image\/\",\"url\":\"https:\/\/locappartavoriaz.com\/wp-content\/uploads\/2024\/09\/logo.jpg\",\"contentUrl\":\"https:\/\/locappartavoriaz.com\/wp-content\/uploads\/2024\/09\/logo.jpg\",\"width\":698,\"height\":395,\"caption\":\"loc appart avoriaz\"},\"image\":{\"@id\":\"https:\/\/locappartavoriaz.com\/#\/schema\/logo\/image\/\"},\"sameAs\":[\"https:\/\/www.facebook.com\/profile.php?id=100016065439269\"]}]}<\/script>\n<!-- \/ Yoast SEO plugin. -->","yoast_head_json":{"title":"Qui sommes-nous ? -","robots":{"index":"index","follow":"follow","max-snippet":"max-snippet:-1","max-image-preview":"max-image-preview:large","max-video-preview":"max-video-preview:-1"},"canonical":"https:\/\/locappartavoriaz.com\/index.php\/qui-sommes-nous\/","og_locale":"fr_FR","og_type":"article","og_title":"Qui sommes-nous ? -","og_description":"Amoureux de la montagne, adepte de ski de randonn\u00e9e pour le contact avec la nature et le ski dans de grands espaces, nous avons adopt\u00e9 la station d&rsquo;Avoriaz et son domaine skiable depuis plus de 30 ans. Si vous appr\u00e9ciez &hellip; Lire la suite\u00ad\u00ad","og_url":"https:\/\/locappartavoriaz.com\/index.php\/qui-sommes-nous\/","article_publisher":"https:\/\/www.facebook.com\/profile.php?id=100016065439269","article_modified_time":"2024-09-07T18:48:24+00:00","og_image":[{"url":"https:\/\/locappartavoriaz.com\/wp-content\/uploads\/2020\/09\/Avoriaz_locapparavoriaznous2.jpg","type":"","width":"","height":""}],"twitter_card":"summary_large_image","twitter_misc":{"Dur\u00e9e de lecture estim\u00e9e":"2 minutes"},"schema":{"@context":"https:\/\/schema.org","@graph":[{"@type":"WebPage","@id":"https:\/\/locappartavoriaz.com\/index.php\/qui-sommes-nous\/","url":"https:\/\/locappartavoriaz.com\/index.php\/qui-sommes-nous\/","name":"Qui sommes-nous ? -","isPartOf":{"@id":"https:\/\/locappartavoriaz.com\/#website"},"primaryImageOfPage":{"@id":"https:\/\/locappartavoriaz.com\/index.php\/qui-sommes-nous\/#primaryimage"},"image":{"@id":"https:\/\/locappartavoriaz.com\/index.php\/qui-sommes-nous\/#primaryimage"},"thumbnailUrl":"https:\/\/locappartavoriaz.com\/wp-content\/uploads\/2020\/09\/Avoriaz_locapparavoriaznous2.jpg","datePublished":"2017-08-27T21:21:22+00:00","dateModified":"2024-09-07T18:48:24+00:00","breadcrumb":{"@id":"https:\/\/locappartavoriaz.com\/index.php\/qui-sommes-nous\/#breadcrumb"},"inLanguage":"fr-FR","potentialAction":[{"@type":"ReadAction","target":["https:\/\/locappartavoriaz.com\/index.php\/qui-sommes-nous\/"]}]},{"@type":"ImageObject","inLanguage":"fr-FR","@id":"https:\/\/locappartavoriaz.com\/index.php\/qui-sommes-nous\/#primaryimage","url":"https:\/\/locappartavoriaz.com\/wp-content\/uploads\/2020\/09\/Avoriaz_locapparavoriaznous2.jpg","contentUrl":"https:\/\/locappartavoriaz.com\/wp-content\/uploads\/2020\/09\/Avoriaz_locapparavoriaznous2.jpg","width":988,"height":529},{"@type":"BreadcrumbList","@id":"https:\/\/locappartavoriaz.com\/index.php\/qui-sommes-nous\/#breadcrumb","itemListElement":[{"@type":"ListItem","position":1,"name":"Accueil","item":"https:\/\/locappartavoriaz.com\/"},{"@type":"ListItem","position":2,"name":"Qui sommes-nous ?"}]},{"@type":"WebSite","@id":"https:\/\/locappartavoriaz.com\/#website","url":"https:\/\/locappartavoriaz.com\/","name":"locappartavoriaz.com","description":"Un site utilisant WordPress","publisher":{"@id":"https:\/\/locappartavoriaz.com\/#organization"},"potentialAction":[{"@type":"SearchAction","target":{"@type":"EntryPoint","urlTemplate":"https:\/\/locappartavoriaz.com\/?s={search_term_string}"},"query-input":{"@type":"PropertyValueSpecification","valueRequired":true,"valueName":"search_term_string"}}],"inLanguage":"fr-FR"},{"@type":"Organization","@id":"https:\/\/locappartavoriaz.com\/#organization","name":"loc appart avoriaz","url":"https:\/\/locappartavoriaz.com\/","logo":{"@type":"ImageObject","inLanguage":"fr-FR","@id":"https:\/\/locappartavoriaz.com\/#\/schema\/logo\/image\/","url":"https:\/\/locappartavoriaz.com\/wp-content\/uploads\/2024\/09\/logo.jpg","contentUrl":"https:\/\/locappartavoriaz.com\/wp-content\/uploads\/2024\/09\/logo.jpg","width":698,"height":395,"caption":"loc appart avoriaz"},"image":{"@id":"https:\/\/locappartavoriaz.com\/#\/schema\/logo\/image\/"},"sameAs":["https:\/\/www.facebook.com\/profile.php?id=100016065439269"]}]}},"_links":{"self":[{"href":"https:\/\/locappartavoriaz.com\/index.php\/wp-json\/wp\/v2\/pages\/400","targetHints":{"allow":["GET"]}}],"collection":[{"href":"https:\/\/locappartavoriaz.com\/index.php\/wp-json\/wp\/v2\/pages"}],"about":[{"href":"https:\/\/locappartavoriaz.com\/index.php\/wp-json\/wp\/v2\/types\/page"}],"author":[{"embeddable":true,"href":"https:\/\/locappartavoriaz.com\/index.php\/wp-json\/wp\/v2\/users\/1"}],"replies":[{"embeddable":true,"href":"https:\/\/locappartavoriaz.com\/index.php\/wp-json\/wp\/v2\/comments?post=400"}],"version-history":[{"count":28,"href":"https:\/\/locappartavoriaz.com\/index.php\/wp-json\/wp\/v2\/pages\/400\/revisions"}],"predecessor-version":[{"id":2008,"href":"https:\/\/locappartavoriaz.com\/index.php\/wp-json\/wp\/v2\/pages\/400\/revisions\/2008"}],"wp:attachment":[{"href":"https:\/\/locappartavoriaz.com\/index.php\/wp-json\/wp\/v2\/media?parent=400"}],"curies":[{"name":"wp","href":"https:\/\/api.w.org\/{rel}","templated":true}]}}