{"id":1871,"date":"2024-09-06T21:33:29","date_gmt":"2024-09-06T19:33:29","guid":{"rendered":"https:\/\/locappartavoriaz.com\/?page_id=1871"},"modified":"2024-09-07T13:14:12","modified_gmt":"2024-09-07T11:14:12","slug":"activites-2","status":"publish","type":"page","link":"https:\/\/locappartavoriaz.com\/index.php\/activites-2\/","title":{"rendered":"Activit\u00e9s ext\u00e9rieures hors ski"},"content":{"rendered":"\r\n<h2 class=\"wp-block-heading\"><strong>Profitez au maximum , vous \u00eates en vacances \u00e0 AVORIAZ !<\/strong><\/h2>\r\n<h5 class=\"wp-block-heading\">Et si votre sejour rimait avec \u00ab\u00a0PUR PLAISIR\u00a0\u00bb gr\u00e2ce \u00e0 une large palette d&rsquo;activit\u00e9s ext\u00e9rerieures pour repartir avec des souvenirs inoubliables. Trouvez ci dessous quelques activit\u00e9s disponibles pour vous donner l&rsquo;eau \u00e0 la bouche !\u00a0<\/h5>\r\n\r\n\r\n\r\n\r\n\r\n<figure id=\"attachment_1899\" class=\"thumbnail wp-caption alignleft\" style=\"width: 353px\"><a href=\"https:\/\/www.avoriaz.com\/fiche\/piste-de-luge---piste-des-dromonts\" target=\"_blank\" rel=\"https:\/\/www.avoriaz.com\/fiche\/patinoire-en-plein-air noopener\"><img loading=\"lazy\" decoding=\"async\" class=\"wp-image-1899\" src=\"https:\/\/locappartavoriaz.com\/wp-content\/uploads\/2024\/09\/activite-LUGE-300x296.jpg\" alt=\"\" width=\"353\" height=\"348\" srcset=\"https:\/\/locappartavoriaz.com\/wp-content\/uploads\/2024\/09\/activite-LUGE-300x296.jpg 300w, https:\/\/locappartavoriaz.com\/wp-content\/uploads\/2024\/09\/activite-LUGE.jpg 446w\" sizes=\"auto, (max-width: 353px) 100vw, 353px\" \/><\/a><figcaption class=\"caption wp-caption-text\">Descente luge \/ Piste des dromonts<\/figcaption><\/figure>\r\n<figure id=\"attachment_1897\" class=\"thumbnail wp-caption alignleft\" style=\"width: 348px\"><a href=\"https:\/\/www.avoriaz.com\/fiche\/patinoire-en-plein-air\" target=\"_blank\" rel=\"noopener\"><img loading=\"lazy\" decoding=\"async\" class=\"wp-image-1897\" src=\"https:\/\/locappartavoriaz.com\/wp-content\/uploads\/2024\/09\/activite-patinoire-300x300.jpg\" alt=\"\" width=\"348\" height=\"348\" srcset=\"https:\/\/locappartavoriaz.com\/wp-content\/uploads\/2024\/09\/activite-patinoire-300x300.jpg 300w, https:\/\/locappartavoriaz.com\/wp-content\/uploads\/2024\/09\/activite-patinoire-150x150.jpg 150w\" sizes=\"auto, (max-width: 348px) 100vw, 348px\" \/><\/a><figcaption class=\"caption wp-caption-text\">Patinoire \/ place centrale<\/figcaption><\/figure>\r\n<figure id=\"attachment_1894\" class=\"thumbnail wp-caption alignleft\" style=\"width: 350px\"><a href=\"https:\/\/www.avoriaz.com\/fiche\/vtt-sur-neige-avec-mcf\" target=\"_blank\" rel=\"noopener\"><img loading=\"lazy\" decoding=\"async\" class=\"wp-image-1894\" src=\"https:\/\/locappartavoriaz.com\/wp-content\/uploads\/2024\/09\/activite-vtt-300x300.jpg\" alt=\"\" width=\"350\" height=\"350\" srcset=\"https:\/\/locappartavoriaz.com\/wp-content\/uploads\/2024\/09\/activite-vtt-300x300.jpg 300w, https:\/\/locappartavoriaz.com\/wp-content\/uploads\/2024\/09\/activite-vtt-150x150.jpg 150w\" sizes=\"auto, (max-width: 350px) 100vw, 350px\" \/><\/a><figcaption class=\"caption wp-caption-text\">Sortie VTT avec MCF<\/figcaption><\/figure>\r\n\r\n\r\n\r\n\r\n\r\n\r\n\r\n\r\n\r\n<figure id=\"attachment_1895\" class=\"thumbnail wp-caption alignleft\" style=\"width: 345px\"><a href=\"https:\/\/www.avoriaz.com\/fiche\/avoscoot\" target=\"_blank\" rel=\"noopener\"><img loading=\"lazy\" decoding=\"async\" class=\"wp-image-1895\" src=\"https:\/\/locappartavoriaz.com\/wp-content\/uploads\/2024\/09\/activite-avoscoot-297x300.jpg\" alt=\"\" width=\"345\" height=\"348\" srcset=\"https:\/\/locappartavoriaz.com\/wp-content\/uploads\/2024\/09\/activite-avoscoot-297x300.jpg 297w, https:\/\/locappartavoriaz.com\/wp-content\/uploads\/2024\/09\/activite-avoscoot-150x150.jpg 150w, https:\/\/locappartavoriaz.com\/wp-content\/uploads\/2024\/09\/activite-avoscoot.jpg 437w\" sizes=\"auto, (max-width: 345px) 100vw, 345px\" \/><\/a><figcaption class=\"caption wp-caption-text\">Sortie motoneige<\/figcaption><\/figure>\r\n<figure id=\"attachment_1896\" class=\"thumbnail wp-caption alignleft\" style=\"width: 350px\"><a href=\"https:\/\/www.avoriaz.com\/fiche\/fantasticable-en-hiver\" target=\"_blank\" rel=\"noopener\"><img loading=\"lazy\" decoding=\"async\" class=\"wp-image-1896\" src=\"https:\/\/locappartavoriaz.com\/wp-content\/uploads\/2024\/09\/activite-fantasticable-300x300.jpg\" alt=\"\" width=\"350\" height=\"350\" srcset=\"https:\/\/locappartavoriaz.com\/wp-content\/uploads\/2024\/09\/activite-fantasticable-300x300.jpg 300w, https:\/\/locappartavoriaz.com\/wp-content\/uploads\/2024\/09\/activite-fantasticable-150x150.jpg 150w, https:\/\/locappartavoriaz.com\/wp-content\/uploads\/2024\/09\/activite-fantasticable.jpg 441w\" sizes=\"auto, (max-width: 350px) 100vw, 350px\" \/><\/a><figcaption class=\"caption wp-caption-text\">Fantasticable (hameau plaine Dranse &#8211; ouverture limit\u00e9e)<\/figcaption><\/figure>\r\n<figure id=\"attachment_1898\" class=\"thumbnail wp-caption alignleft\" style=\"width: 354px\"><a href=\"https:\/\/www.avoriaz.com\/fiche\/decouverte-plongee-sous-glace\" target=\"_blank\" rel=\"noopener\"><img loading=\"lazy\" decoding=\"async\" class=\"wp-image-1898\" src=\"https:\/\/locappartavoriaz.com\/wp-content\/uploads\/2024\/09\/activite-plongee-300x298.jpg\" alt=\"\" width=\"354\" height=\"352\" srcset=\"https:\/\/locappartavoriaz.com\/wp-content\/uploads\/2024\/09\/activite-plongee-300x298.jpg 300w, https:\/\/locappartavoriaz.com\/wp-content\/uploads\/2024\/09\/activite-plongee-150x150.jpg 150w, https:\/\/locappartavoriaz.com\/wp-content\/uploads\/2024\/09\/activite-plongee.jpg 445w\" sizes=\"auto, (max-width: 354px) 100vw, 354px\" \/><\/a><figcaption class=\"caption wp-caption-text\">Plong\u00e9e sous glace<\/figcaption><\/figure>\r\n<p>&nbsp;<\/p>\r\n<h4 class=\"wp-block-heading\">\u00a0<\/h4>\r\n<h4>\u00a0<\/h4>\r\n<h4>\u00a0<\/h4>\r\n<h4>\u00a0<\/h4>\r\n<h4>\u00a0<\/h4>\r\n<h4>\u00a0<\/h4>\r\n<h4>\u00a0<\/h4>\r\n<h4>\u00a0<\/h4>\r\n<h4>\u00a0<\/h4>\r\n<p>&nbsp;<\/p>\r\n\r\n\r\n<hr class=\"wp-block-separator has-alpha-channel-opacity\" \/>","protected":false},"excerpt":{"rendered":"<p>Profitez au maximum , vous \u00eates en vacances \u00e0 AVORIAZ ! Et si votre sejour rimait avec \u00ab\u00a0PUR PLAISIR\u00a0\u00bb gr\u00e2ce \u00e0 une large palette d&rsquo;activit\u00e9s ext\u00e9rerieures pour repartir avec des souvenirs inoubliables. Trouvez ci dessous quelques activit\u00e9s disponibles pour vous &hellip; <a href=\"https:\/\/locappartavoriaz.com\/index.php\/activites-2\/\">Lire la suite\u00ad\u00ad<\/a><\/p>\n","protected":false},"author":1,"featured_media":0,"parent":0,"menu_order":0,"comment_status":"closed","ping_status":"closed","template":"page-feature.php","meta":{"kt_blocks_editor_width":"","two_page_speed":[],"footnotes":""},"class_list":["post-1871","page","type-page","status-publish","hentry"],"yoast_head":"<!-- This site is optimized with the Yoast SEO plugin v27.1.1 - https:\/\/yoast.com\/product\/yoast-seo-wordpress\/ -->\n<title>Activit\u00e9s ext\u00e9rieures hors ski -<\/title>\n<meta name=\"robots\" content=\"index, follow, max-snippet:-1, max-image-preview:large, max-video-preview:-1\" \/>\n<link rel=\"canonical\" href=\"https:\/\/locappartavoriaz.com\/index.php\/activites-2\/\" \/>\n<meta property=\"og:locale\" content=\"fr_FR\" \/>\n<meta property=\"og:type\" content=\"article\" \/>\n<meta property=\"og:title\" content=\"Activit\u00e9s ext\u00e9rieures hors ski -\" \/>\n<meta property=\"og:description\" content=\"Profitez au maximum , vous \u00eates en vacances \u00e0 AVORIAZ ! Et si votre sejour rimait avec \u00ab\u00a0PUR PLAISIR\u00a0\u00bb gr\u00e2ce \u00e0 une large palette d&rsquo;activit\u00e9s ext\u00e9rerieures pour repartir avec des souvenirs inoubliables. Trouvez ci dessous quelques activit\u00e9s disponibles pour vous &hellip; Lire la suite\u00ad\u00ad\" \/>\n<meta property=\"og:url\" content=\"https:\/\/locappartavoriaz.com\/index.php\/activites-2\/\" \/>\n<meta property=\"article:publisher\" content=\"https:\/\/www.facebook.com\/profile.php?id=100016065439269\" \/>\n<meta property=\"article:modified_time\" content=\"2024-09-07T11:14:12+00:00\" \/>\n<meta property=\"og:image\" content=\"https:\/\/locappartavoriaz.com\/wp-content\/uploads\/2024\/09\/activite-LUGE-300x296.jpg\" \/>\n<meta name=\"twitter:card\" content=\"summary_large_image\" \/>\n<meta name=\"twitter:label1\" content=\"Dur\u00e9e de lecture estim\u00e9e\" \/>\n\t<meta name=\"twitter:data1\" content=\"1 minute\" \/>\n<script type=\"application\/ld+json\" class=\"yoast-schema-graph\">{\"@context\":\"https:\/\/schema.org\",\"@graph\":[{\"@type\":\"WebPage\",\"@id\":\"https:\/\/locappartavoriaz.com\/index.php\/activites-2\/\",\"url\":\"https:\/\/locappartavoriaz.com\/index.php\/activites-2\/\",\"name\":\"Activit\u00e9s ext\u00e9rieures hors ski -\",\"isPartOf\":{\"@id\":\"https:\/\/locappartavoriaz.com\/#website\"},\"primaryImageOfPage\":{\"@id\":\"https:\/\/locappartavoriaz.com\/index.php\/activites-2\/#primaryimage\"},\"image\":{\"@id\":\"https:\/\/locappartavoriaz.com\/index.php\/activites-2\/#primaryimage\"},\"thumbnailUrl\":\"https:\/\/locappartavoriaz.com\/wp-content\/uploads\/2024\/09\/activite-LUGE-300x296.jpg\",\"datePublished\":\"2024-09-06T19:33:29+00:00\",\"dateModified\":\"2024-09-07T11:14:12+00:00\",\"breadcrumb\":{\"@id\":\"https:\/\/locappartavoriaz.com\/index.php\/activites-2\/#breadcrumb\"},\"inLanguage\":\"fr-FR\",\"potentialAction\":[{\"@type\":\"ReadAction\",\"target\":[\"https:\/\/locappartavoriaz.com\/index.php\/activites-2\/\"]}]},{\"@type\":\"ImageObject\",\"inLanguage\":\"fr-FR\",\"@id\":\"https:\/\/locappartavoriaz.com\/index.php\/activites-2\/#primaryimage\",\"url\":\"https:\/\/locappartavoriaz.com\/wp-content\/uploads\/2024\/09\/activite-LUGE.jpg\",\"contentUrl\":\"https:\/\/locappartavoriaz.com\/wp-content\/uploads\/2024\/09\/activite-LUGE.jpg\",\"width\":446,\"height\":440},{\"@type\":\"BreadcrumbList\",\"@id\":\"https:\/\/locappartavoriaz.com\/index.php\/activites-2\/#breadcrumb\",\"itemListElement\":[{\"@type\":\"ListItem\",\"position\":1,\"name\":\"Accueil\",\"item\":\"https:\/\/locappartavoriaz.com\/\"},{\"@type\":\"ListItem\",\"position\":2,\"name\":\"Activit\u00e9s ext\u00e9rieures hors ski\"}]},{\"@type\":\"WebSite\",\"@id\":\"https:\/\/locappartavoriaz.com\/#website\",\"url\":\"https:\/\/locappartavoriaz.com\/\",\"name\":\"locappartavoriaz.com\",\"description\":\"Un site utilisant WordPress\",\"publisher\":{\"@id\":\"https:\/\/locappartavoriaz.com\/#organization\"},\"potentialAction\":[{\"@type\":\"SearchAction\",\"target\":{\"@type\":\"EntryPoint\",\"urlTemplate\":\"https:\/\/locappartavoriaz.com\/?s={search_term_string}\"},\"query-input\":{\"@type\":\"PropertyValueSpecification\",\"valueRequired\":true,\"valueName\":\"search_term_string\"}}],\"inLanguage\":\"fr-FR\"},{\"@type\":\"Organization\",\"@id\":\"https:\/\/locappartavoriaz.com\/#organization\",\"name\":\"loc appart avoriaz\",\"url\":\"https:\/\/locappartavoriaz.com\/\",\"logo\":{\"@type\":\"ImageObject\",\"inLanguage\":\"fr-FR\",\"@id\":\"https:\/\/locappartavoriaz.com\/#\/schema\/logo\/image\/\",\"url\":\"https:\/\/locappartavoriaz.com\/wp-content\/uploads\/2024\/09\/logo.jpg\",\"contentUrl\":\"https:\/\/locappartavoriaz.com\/wp-content\/uploads\/2024\/09\/logo.jpg\",\"width\":698,\"height\":395,\"caption\":\"loc appart avoriaz\"},\"image\":{\"@id\":\"https:\/\/locappartavoriaz.com\/#\/schema\/logo\/image\/\"},\"sameAs\":[\"https:\/\/www.facebook.com\/profile.php?id=100016065439269\"]}]}<\/script>\n<!-- \/ Yoast SEO plugin. -->","yoast_head_json":{"title":"Activit\u00e9s ext\u00e9rieures hors ski -","robots":{"index":"index","follow":"follow","max-snippet":"max-snippet:-1","max-image-preview":"max-image-preview:large","max-video-preview":"max-video-preview:-1"},"canonical":"https:\/\/locappartavoriaz.com\/index.php\/activites-2\/","og_locale":"fr_FR","og_type":"article","og_title":"Activit\u00e9s ext\u00e9rieures hors ski -","og_description":"Profitez au maximum , vous \u00eates en vacances \u00e0 AVORIAZ ! Et si votre sejour rimait avec \u00ab\u00a0PUR PLAISIR\u00a0\u00bb gr\u00e2ce \u00e0 une large palette d&rsquo;activit\u00e9s ext\u00e9rerieures pour repartir avec des souvenirs inoubliables. Trouvez ci dessous quelques activit\u00e9s disponibles pour vous &hellip; Lire la suite\u00ad\u00ad","og_url":"https:\/\/locappartavoriaz.com\/index.php\/activites-2\/","article_publisher":"https:\/\/www.facebook.com\/profile.php?id=100016065439269","article_modified_time":"2024-09-07T11:14:12+00:00","og_image":[{"url":"https:\/\/locappartavoriaz.com\/wp-content\/uploads\/2024\/09\/activite-LUGE-300x296.jpg","type":"","width":"","height":""}],"twitter_card":"summary_large_image","twitter_misc":{"Dur\u00e9e de lecture estim\u00e9e":"1 minute"},"schema":{"@context":"https:\/\/schema.org","@graph":[{"@type":"WebPage","@id":"https:\/\/locappartavoriaz.com\/index.php\/activites-2\/","url":"https:\/\/locappartavoriaz.com\/index.php\/activites-2\/","name":"Activit\u00e9s ext\u00e9rieures hors ski -","isPartOf":{"@id":"https:\/\/locappartavoriaz.com\/#website"},"primaryImageOfPage":{"@id":"https:\/\/locappartavoriaz.com\/index.php\/activites-2\/#primaryimage"},"image":{"@id":"https:\/\/locappartavoriaz.com\/index.php\/activites-2\/#primaryimage"},"thumbnailUrl":"https:\/\/locappartavoriaz.com\/wp-content\/uploads\/2024\/09\/activite-LUGE-300x296.jpg","datePublished":"2024-09-06T19:33:29+00:00","dateModified":"2024-09-07T11:14:12+00:00","breadcrumb":{"@id":"https:\/\/locappartavoriaz.com\/index.php\/activites-2\/#breadcrumb"},"inLanguage":"fr-FR","potentialAction":[{"@type":"ReadAction","target":["https:\/\/locappartavoriaz.com\/index.php\/activites-2\/"]}]},{"@type":"ImageObject","inLanguage":"fr-FR","@id":"https:\/\/locappartavoriaz.com\/index.php\/activites-2\/#primaryimage","url":"https:\/\/locappartavoriaz.com\/wp-content\/uploads\/2024\/09\/activite-LUGE.jpg","contentUrl":"https:\/\/locappartavoriaz.com\/wp-content\/uploads\/2024\/09\/activite-LUGE.jpg","width":446,"height":440},{"@type":"BreadcrumbList","@id":"https:\/\/locappartavoriaz.com\/index.php\/activites-2\/#breadcrumb","itemListElement":[{"@type":"ListItem","position":1,"name":"Accueil","item":"https:\/\/locappartavoriaz.com\/"},{"@type":"ListItem","position":2,"name":"Activit\u00e9s ext\u00e9rieures hors ski"}]},{"@type":"WebSite","@id":"https:\/\/locappartavoriaz.com\/#website","url":"https:\/\/locappartavoriaz.com\/","name":"locappartavoriaz.com","description":"Un site utilisant WordPress","publisher":{"@id":"https:\/\/locappartavoriaz.com\/#organization"},"potentialAction":[{"@type":"SearchAction","target":{"@type":"EntryPoint","urlTemplate":"https:\/\/locappartavoriaz.com\/?s={search_term_string}"},"query-input":{"@type":"PropertyValueSpecification","valueRequired":true,"valueName":"search_term_string"}}],"inLanguage":"fr-FR"},{"@type":"Organization","@id":"https:\/\/locappartavoriaz.com\/#organization","name":"loc appart avoriaz","url":"https:\/\/locappartavoriaz.com\/","logo":{"@type":"ImageObject","inLanguage":"fr-FR","@id":"https:\/\/locappartavoriaz.com\/#\/schema\/logo\/image\/","url":"https:\/\/locappartavoriaz.com\/wp-content\/uploads\/2024\/09\/logo.jpg","contentUrl":"https:\/\/locappartavoriaz.com\/wp-content\/uploads\/2024\/09\/logo.jpg","width":698,"height":395,"caption":"loc appart avoriaz"},"image":{"@id":"https:\/\/locappartavoriaz.com\/#\/schema\/logo\/image\/"},"sameAs":["https:\/\/www.facebook.com\/profile.php?id=100016065439269"]}]}},"_links":{"self":[{"href":"https:\/\/locappartavoriaz.com\/index.php\/wp-json\/wp\/v2\/pages\/1871","targetHints":{"allow":["GET"]}}],"collection":[{"href":"https:\/\/locappartavoriaz.com\/index.php\/wp-json\/wp\/v2\/pages"}],"about":[{"href":"https:\/\/locappartavoriaz.com\/index.php\/wp-json\/wp\/v2\/types\/page"}],"author":[{"embeddable":true,"href":"https:\/\/locappartavoriaz.com\/index.php\/wp-json\/wp\/v2\/users\/1"}],"replies":[{"embeddable":true,"href":"https:\/\/locappartavoriaz.com\/index.php\/wp-json\/wp\/v2\/comments?post=1871"}],"version-history":[{"count":56,"href":"https:\/\/locappartavoriaz.com\/index.php\/wp-json\/wp\/v2\/pages\/1871\/revisions"}],"predecessor-version":[{"id":1900,"href":"https:\/\/locappartavoriaz.com\/index.php\/wp-json\/wp\/v2\/pages\/1871\/revisions\/1900"}],"wp:attachment":[{"href":"https:\/\/locappartavoriaz.com\/index.php\/wp-json\/wp\/v2\/media?parent=1871"}],"curies":[{"name":"wp","href":"https:\/\/api.w.org\/{rel}","templated":true}]}}