{"id":1152,"date":"2020-09-06T17:27:32","date_gmt":"2020-09-06T15:27:32","guid":{"rendered":"https:\/\/locappartavoriaz.com\/?page_id=1152"},"modified":"2024-09-07T20:53:04","modified_gmt":"2024-09-07T18:53:04","slug":"bienvenue-a-avoriaz","status":"publish","type":"page","link":"https:\/\/locappartavoriaz.com\/index.php\/bienvenue-a-avoriaz\/","title":{"rendered":"Bienvenue \u00e0 Avoriaz"},"content":{"rendered":"\r\n<p class=\"has-normal-font-size\"><strong><span class=\"has-inline-color\" style=\"color: #2200a3;\">Quoi de mieux que des r\u00e9compenses pour pr\u00e9senter une station ?<\/span><\/strong><\/p>\r\n\r\n\r\n<style>#kt-layout-id_ea9ac1-6a > .kt-row-column-wrap{align-content:start;}:where(#kt-layout-id_ea9ac1-6a > .kt-row-column-wrap) > .wp-block-kadence-column{justify-content:start;}#kt-layout-id_ea9ac1-6a > .kt-row-column-wrap{column-gap:var(--global-kb-gap-md, 2rem);row-gap:var(--global-kb-gap-md, 2rem);padding-top:var( --global-kb-row-default-top, 25px );padding-bottom:var( --global-kb-row-default-bottom, 25px );padding-top:var(--global-kb-spacing-sm, 1.5rem);padding-bottom:var(--global-kb-spacing-sm, 1.5rem);}#kt-layout-id_ea9ac1-6a > .kt-row-column-wrap > div:not(.added-for-specificity){grid-column:initial;}#kt-layout-id_ea9ac1-6a > .kt-row-column-wrap{grid-template-columns:repeat(4, minmax(0, 1fr));}#kt-layout-id_ea9ac1-6a > .kt-row-layout-overlay{opacity:0.30;}@media all and (max-width: 1024px){#kt-layout-id_ea9ac1-6a > .kt-row-column-wrap > div:not(.added-for-specificity){grid-column:initial;}}@media all and (max-width: 1024px){#kt-layout-id_ea9ac1-6a > .kt-row-column-wrap{grid-template-columns:repeat(4, minmax(0, 1fr));}}@media all and (max-width: 767px){#kt-layout-id_ea9ac1-6a > .kt-row-column-wrap > div:not(.added-for-specificity){grid-column:initial;}#kt-layout-id_ea9ac1-6a > .kt-row-column-wrap{grid-template-columns:minmax(0, 1fr);}}<\/style>\r\n<div class=\"wp-block-kadence-rowlayout alignnone\">\r\n<div id=\"kt-layout-id_ea9ac1-6a\" class=\"kt-row-layout-inner kt-layout-id_ea9ac1-6a\">\r\n<div class=\"kt-row-column-wrap kt-has-4-columns kt-gutter-default kt-v-gutter-default kt-row-valign-top kt-row-layout-equal kt-tab-layout-inherit kt-m-colapse-left-to-right kt-mobile-layout-row\"><style>.kadence-column_e648b1-1b > .kt-inside-inner-col{border-top-width:0px;border-right-width:0px;border-bottom-width:0px;border-left-width:0px;}.kadence-column_e648b1-1b > .kt-inside-inner-col,.kadence-column_e648b1-1b > .kt-inside-inner-col:before{border-top-left-radius:0px;border-top-right-radius:0px;border-bottom-right-radius:0px;border-bottom-left-radius:0px;}.kadence-column_e648b1-1b > .kt-inside-inner-col{column-gap:var(--global-kb-gap-sm, 1rem);}.kadence-column_e648b1-1b > .kt-inside-inner-col{flex-direction:column;}.kadence-column_e648b1-1b > .kt-inside-inner-col > .aligncenter{width:100%;}.kadence-column_e648b1-1b > .kt-inside-inner-col:before{opacity:0.3;}.kadence-column_e648b1-1b{position:relative;}@media all and (max-width: 1024px){.kadence-column_e648b1-1b > .kt-inside-inner-col{flex-direction:column;justify-content:center;}}@media all and (max-width: 767px){.kadence-column_e648b1-1b > .kt-inside-inner-col{flex-direction:column;justify-content:center;}}<\/style>\r\n<div class=\"wp-block-kadence-column inner-column-1 kadence-column_e648b1-1b\">\r\n<div class=\"kt-inside-inner-col\">\r\n<figure class=\"wp-block-image size-large is-style-default\"><img loading=\"lazy\" decoding=\"async\" width=\"342\" height=\"250\" class=\"wp-image-1326\" src=\"https:\/\/locappartavoriaz.com\/wp-content\/uploads\/2020\/09\/best4.png\" alt=\"\" srcset=\"https:\/\/locappartavoriaz.com\/wp-content\/uploads\/2020\/09\/best4.png 342w, https:\/\/locappartavoriaz.com\/wp-content\/uploads\/2020\/09\/best4-300x219.png 300w\" sizes=\"auto, (max-width: 342px) 100vw, 342px\" \/><\/figure>\r\n<\/div>\r\n<\/div>\r\n\r\n\r\n<style>.kadence-column_b9c9fd-ac > .kt-inside-inner-col{border-top-width:0px;border-right-width:0px;border-bottom-width:0px;border-left-width:0px;}.kadence-column_b9c9fd-ac > .kt-inside-inner-col,.kadence-column_b9c9fd-ac > .kt-inside-inner-col:before{border-top-left-radius:0px;border-top-right-radius:0px;border-bottom-right-radius:0px;border-bottom-left-radius:0px;}.kadence-column_b9c9fd-ac > .kt-inside-inner-col{column-gap:var(--global-kb-gap-sm, 1rem);}.kadence-column_b9c9fd-ac > .kt-inside-inner-col{flex-direction:column;}.kadence-column_b9c9fd-ac > .kt-inside-inner-col > .aligncenter{width:100%;}.kadence-column_b9c9fd-ac > .kt-inside-inner-col:before{opacity:0.3;}.kadence-column_b9c9fd-ac{position:relative;}@media all and (max-width: 1024px){.kadence-column_b9c9fd-ac > .kt-inside-inner-col{flex-direction:column;justify-content:center;}}@media all and (max-width: 767px){.kadence-column_b9c9fd-ac > .kt-inside-inner-col{flex-direction:column;justify-content:center;}}<\/style>\r\n<div class=\"wp-block-kadence-column inner-column-2 kadence-column_b9c9fd-ac\">\r\n<div class=\"kt-inside-inner-col\">\r\n<figure class=\"wp-block-image size-large\"><img loading=\"lazy\" decoding=\"async\" width=\"353\" height=\"244\" class=\"wp-image-1327\" src=\"https:\/\/locappartavoriaz.com\/wp-content\/uploads\/2020\/09\/best2.png\" alt=\"\" srcset=\"https:\/\/locappartavoriaz.com\/wp-content\/uploads\/2020\/09\/best2.png 353w, https:\/\/locappartavoriaz.com\/wp-content\/uploads\/2020\/09\/best2-300x207.png 300w\" sizes=\"auto, (max-width: 353px) 100vw, 353px\" \/><\/figure>\r\n<\/div>\r\n<\/div>\r\n\r\n\r\n<style>.kadence-column_904710-76 > .kt-inside-inner-col{border-top-width:0px;border-right-width:0px;border-bottom-width:0px;border-left-width:0px;}.kadence-column_904710-76 > .kt-inside-inner-col,.kadence-column_904710-76 > .kt-inside-inner-col:before{border-top-left-radius:0px;border-top-right-radius:0px;border-bottom-right-radius:0px;border-bottom-left-radius:0px;}.kadence-column_904710-76 > .kt-inside-inner-col{column-gap:var(--global-kb-gap-sm, 1rem);}.kadence-column_904710-76 > .kt-inside-inner-col{flex-direction:column;}.kadence-column_904710-76 > .kt-inside-inner-col > .aligncenter{width:100%;}.kadence-column_904710-76 > .kt-inside-inner-col:before{opacity:0.3;}.kadence-column_904710-76{position:relative;}@media all and (max-width: 1024px){.kadence-column_904710-76 > .kt-inside-inner-col{flex-direction:column;justify-content:center;}}@media all and (max-width: 767px){.kadence-column_904710-76 > .kt-inside-inner-col{flex-direction:column;justify-content:center;}}<\/style>\r\n<div class=\"wp-block-kadence-column inner-column-3 kadence-column_904710-76\">\r\n<div class=\"kt-inside-inner-col\">\r\n<figure class=\"wp-block-image size-large\"><img loading=\"lazy\" decoding=\"async\" width=\"356\" height=\"254\" class=\"wp-image-1328\" src=\"https:\/\/locappartavoriaz.com\/wp-content\/uploads\/2020\/09\/best1.png\" alt=\"\" srcset=\"https:\/\/locappartavoriaz.com\/wp-content\/uploads\/2020\/09\/best1.png 356w, https:\/\/locappartavoriaz.com\/wp-content\/uploads\/2020\/09\/best1-300x214.png 300w\" sizes=\"auto, (max-width: 356px) 100vw, 356px\" \/><\/figure>\r\n<\/div>\r\n<\/div>\r\n\r\n\r\n<style>.kadence-column_5c4e97-96 > .kt-inside-inner-col{border-top-width:0px;border-right-width:0px;border-bottom-width:0px;border-left-width:0px;}.kadence-column_5c4e97-96 > .kt-inside-inner-col,.kadence-column_5c4e97-96 > .kt-inside-inner-col:before{border-top-left-radius:0px;border-top-right-radius:0px;border-bottom-right-radius:0px;border-bottom-left-radius:0px;}.kadence-column_5c4e97-96 > .kt-inside-inner-col{column-gap:var(--global-kb-gap-sm, 1rem);}.kadence-column_5c4e97-96 > .kt-inside-inner-col{flex-direction:column;}.kadence-column_5c4e97-96 > .kt-inside-inner-col > .aligncenter{width:100%;}.kadence-column_5c4e97-96 > .kt-inside-inner-col:before{opacity:0.3;}.kadence-column_5c4e97-96{position:relative;}@media all and (max-width: 1024px){.kadence-column_5c4e97-96 > .kt-inside-inner-col{flex-direction:column;justify-content:center;}}@media all and (max-width: 767px){.kadence-column_5c4e97-96 > .kt-inside-inner-col{flex-direction:column;justify-content:center;}}<\/style>\r\n<div class=\"wp-block-kadence-column inner-column-4 kadence-column_5c4e97-96\">\r\n<div class=\"kt-inside-inner-col\">\r\n<figure class=\"wp-block-image size-large\"><img loading=\"lazy\" decoding=\"async\" width=\"342\" height=\"255\" class=\"wp-image-1329\" src=\"https:\/\/locappartavoriaz.com\/wp-content\/uploads\/2020\/09\/best3.png\" alt=\"\" srcset=\"https:\/\/locappartavoriaz.com\/wp-content\/uploads\/2020\/09\/best3.png 342w, https:\/\/locappartavoriaz.com\/wp-content\/uploads\/2020\/09\/best3-300x224.png 300w\" sizes=\"auto, (max-width: 342px) 100vw, 342px\" \/><\/figure>\r\n<\/div>\r\n<\/div>\r\n<\/div>\r\n<\/div>\r\n<\/div>\r\n\r\n\r\n\r\n<figure class=\"wp-block-embed is-type-video is-provider-youtube wp-block-embed-youtube wp-embed-aspect-16-9 wp-has-aspect-ratio\"><div class=\"kad-youtube-shortcode videofit\"  ><iframe loading=\"lazy\" width=\"600\" height=\"400\" src=\"\/\/www.youtube.com\/embed\/_wakiv-ZRWE?autoplay=0&amp;controls=1&amp;fs=1&amp;modestbranding=0&amp;theme=dark&amp;rel=0&amp;loop=0\" frameborder=\"0\" allowfullscreen=\"true\"><\/iframe><\/div><\/figure>\r\n\r\n\r\n\r\n<p>&nbsp;<\/p>\r\n\r\n\r\n\r\n<p class=\"has-text-color has-normal-font-size\" style=\"color: #2600a3;\"><span class=\"has-inline-color\"><strong style=\"color: #2200a3;\">La station d&rsquo;Avoriaz, cr\u00e9e en 1966 par Jean Vuarnet est situ\u00e9e \u00e0 1 800 m d&rsquo;altitude<\/strong><span style=\"color: #2200a3;\"> sur le territoire de la commune de Morzine en Haute-Savoie, est sans nulle doute une <\/span><strong style=\"color: #2200a3;\">station atypique<\/strong><span style=\"color: #2200a3;\"> par son concept et son architecture.<\/span><\/span><\/p>\r\n\r\n\r\n\r\n<p class=\"has-text-color has-normal-font-size\" style=\"color: #2600a3;\"><span class=\"has-inline-color\" style=\"color: #2200a3;\"><strong>Elle fait partie des 12 stations du domaine des Portes du Soleil<\/strong> avec la particularit\u00e9 d&rsquo;occuper la position centrale.<\/span><\/p>\r\n\r\n\r\n\r\n<p class=\"has-text-color has-normal-font-size\" style=\"color: #2600a3;\"><span class=\"has-inline-color\" style=\"color: #2200a3;\">Station prim\u00e9e en 2018, chacun y trouvera des <strong>activit\u00e9s hiver comme \u00e9t\u00e9<\/strong><\/span>;<\/p>\r\n\r\n\r\n\r\n<p class=\"has-text-color has-normal-font-size\" style=\"color: #2600a3;\"><span class=\"has-inline-color\" style=\"color: #2200a3;\"><strong>Village enti\u00e8rement pi\u00e9ton<\/strong>, vous vous baladerez <strong>en toute s\u00e9curit\u00e9 <\/strong>pour rejoindre le centre de la station ou <strong>les animations se succ\u00e8dent pour les petits et les grands. <\/strong>Vous pourrez \u00e9galement <strong>d\u00e9couvrir la station en cal\u00e8che tir\u00e9e par des chevaux.<\/strong><\/span><\/p>\r\n\r\n\r\n\r\n<ul class=\"wp-block-list\">\r\n<li><span class=\"has-inline-color\" style=\"color: #2200a3;\"><strong><em>En hiver,<\/em><\/strong> gr\u00e2ce \u00e0 <strong>un enneigement<\/strong> tout au long de la saison, vous pourrez skier toute une semaine sans emprunter deux fois le m\u00eame trac\u00e9<strong>, gr\u00e2ce \u00e0 un domaine skiable de 650Km de pistes entre France et Suisse<\/strong> (un des plus grands d&rsquo;Europe).. <strong>Les \u00e9coles de skis<\/strong>, <strong>r\u00e9pondront<\/strong> \u00e0 toutes <strong>vos envies<\/strong> de <strong>d\u00e9couverte du ski jusqu&rsquo;aux hors pistes<\/strong> en toute s\u00e9curit\u00e9<strong> avec des moniteurs diplom\u00e9s.<\/strong><\/span><\/li>\r\n\r\n\r\n\r\n<li><span class=\"has-inline-color\" style=\"color: #2200a3;\"><strong><em>En \u00e9t\u00e9, <\/em>les 800Kms de pistes permettront aux passionn\u00e9s de VTT<\/strong> et<strong> aux randonneurs de d\u00e9couvrir des lieux incontournables <\/strong>comme la cascade des Brochaux, le lac de Montriond ou encore le village des ch\u00e8vres des Lindarets.<\/span><\/li>\r\n<\/ul>\r\n\r\n\r\n\r\n<p>&nbsp;<\/p>\r\n\r\n\r\n\r\n<p class=\"has-text-color has-normal-font-size\" style=\"color: #2600a3;\"><span class=\"has-inline-color\" style=\"color: #2200a3;\"><strong>La station d&rsquo;Avoriaz\u00a0propose une tr\u00e8s large palette d&rsquo;activit\u00e9s et de loisirs<\/strong> : Bowling, Cin\u00e9ma, Patinoire (hiver), Baln\u00e9o, Bodyform, Spa, Golf, Tennis&#8230;de quoi satisfaire les plus exigeants <strong>sans oublier bien-sur le parc aquatique tropical : <em>L&rsquo;Aquariaz<\/em><\/strong><\/span><\/p>\r\n\r\n\r\n\r\n<p class=\"has-text-color has-normal-font-size\" style=\"color: #2600a3;\"><span class=\"has-inline-color\" style=\"color: #2200a3;\">A la nuit tomb\u00e9e, Avoriaz s&rsquo;habille de lumi\u00e8re pour des soir\u00e9es anim\u00e9es qui d\u00e9butent par des spectacles, se poursuivent dans les restaurants de sp\u00e9cialit\u00e9s et peuvent se prolonger dans les endroits branch\u00e9s de la station.<\/span><\/p>\r\n\r\n\r\n\r\n<p class=\"has-text-color has-normal-font-size\" style=\"color: #2600a3;\"><span class=\"has-inline-color\" style=\"color: #2200a3;\">Apr\u00e8s toutes ces journ\u00e9es d&rsquo;activit\u00e9s, quoi de mieux que de rentrer dans un<strong> appartement ou vous vous sentirez bien<\/strong> !<\/span>. <span class=\"has-inline-color\" style=\"color: #2200a3;\">En venant \u00e0 Avoriaz, la montagne vous offrira son d\u00e9cor, <strong>\u00e0 nous de vous proposer le confort<\/strong>.<\/span><\/p>\r\n\r\n\r\n<p><iframe loading=\"lazy\" title=\"La nouvelle station d&#039;Avoriaz de Jean Vuarnet | Archive INA\" width=\"500\" height=\"375\" src=\"https:\/\/www.youtube.com\/embed\/zlWkVXQGY7c?feature=oembed\" frameborder=\"0\" allow=\"accelerometer; autoplay; clipboard-write; encrypted-media; gyroscope; picture-in-picture; web-share\" referrerpolicy=\"strict-origin-when-cross-origin\" allowfullscreen><\/iframe><\/p>\n","protected":false},"excerpt":{"rendered":"<p>Quoi de mieux que des r\u00e9compenses pour pr\u00e9senter une station ? &nbsp; La station d&rsquo;Avoriaz, cr\u00e9e en 1966 par Jean Vuarnet est situ\u00e9e \u00e0 1 800 m d&rsquo;altitude sur le territoire de la commune de Morzine en Haute-Savoie, est sans &hellip; <a href=\"https:\/\/locappartavoriaz.com\/index.php\/bienvenue-a-avoriaz\/\">Lire la suite\u00ad\u00ad<\/a><\/p>\n","protected":false},"author":1,"featured_media":0,"parent":0,"menu_order":3,"comment_status":"closed","ping_status":"closed","template":"","meta":{"kt_blocks_editor_width":"","two_page_speed":[],"footnotes":""},"class_list":["post-1152","page","type-page","status-publish","hentry"],"yoast_head":"<!-- This site is optimized with the Yoast SEO plugin v27.1.1 - https:\/\/yoast.com\/product\/yoast-seo-wordpress\/ -->\n<title>Bienvenue \u00e0 Avoriaz -<\/title>\n<meta name=\"robots\" content=\"index, follow, max-snippet:-1, max-image-preview:large, max-video-preview:-1\" \/>\n<link rel=\"canonical\" href=\"https:\/\/locappartavoriaz.com\/index.php\/bienvenue-a-avoriaz\/\" \/>\n<meta property=\"og:locale\" content=\"fr_FR\" \/>\n<meta property=\"og:type\" content=\"article\" \/>\n<meta property=\"og:title\" content=\"Bienvenue \u00e0 Avoriaz -\" \/>\n<meta property=\"og:description\" content=\"Quoi de mieux que des r\u00e9compenses pour pr\u00e9senter une station ? &nbsp; La station d&rsquo;Avoriaz, cr\u00e9e en 1966 par Jean Vuarnet est situ\u00e9e \u00e0 1 800 m d&rsquo;altitude sur le territoire de la commune de Morzine en Haute-Savoie, est sans &hellip; Lire la suite\u00ad\u00ad\" \/>\n<meta property=\"og:url\" content=\"https:\/\/locappartavoriaz.com\/index.php\/bienvenue-a-avoriaz\/\" \/>\n<meta property=\"article:publisher\" content=\"https:\/\/www.facebook.com\/profile.php?id=100016065439269\" \/>\n<meta property=\"article:modified_time\" content=\"2024-09-07T18:53:04+00:00\" \/>\n<meta property=\"og:image\" content=\"https:\/\/locappartavoriaz.com\/wp-content\/uploads\/2020\/09\/best4.png\" \/>\n<meta name=\"twitter:card\" content=\"summary_large_image\" \/>\n<meta name=\"twitter:label1\" content=\"Dur\u00e9e de lecture estim\u00e9e\" \/>\n\t<meta name=\"twitter:data1\" content=\"3 minutes\" \/>\n<script type=\"application\/ld+json\" class=\"yoast-schema-graph\">{\"@context\":\"https:\/\/schema.org\",\"@graph\":[{\"@type\":\"WebPage\",\"@id\":\"https:\/\/locappartavoriaz.com\/index.php\/bienvenue-a-avoriaz\/\",\"url\":\"https:\/\/locappartavoriaz.com\/index.php\/bienvenue-a-avoriaz\/\",\"name\":\"Bienvenue \u00e0 Avoriaz -\",\"isPartOf\":{\"@id\":\"https:\/\/locappartavoriaz.com\/#website\"},\"primaryImageOfPage\":{\"@id\":\"https:\/\/locappartavoriaz.com\/index.php\/bienvenue-a-avoriaz\/#primaryimage\"},\"image\":{\"@id\":\"https:\/\/locappartavoriaz.com\/index.php\/bienvenue-a-avoriaz\/#primaryimage\"},\"thumbnailUrl\":\"https:\/\/locappartavoriaz.com\/wp-content\/uploads\/2020\/09\/best4.png\",\"datePublished\":\"2020-09-06T15:27:32+00:00\",\"dateModified\":\"2024-09-07T18:53:04+00:00\",\"breadcrumb\":{\"@id\":\"https:\/\/locappartavoriaz.com\/index.php\/bienvenue-a-avoriaz\/#breadcrumb\"},\"inLanguage\":\"fr-FR\",\"potentialAction\":[{\"@type\":\"ReadAction\",\"target\":[\"https:\/\/locappartavoriaz.com\/index.php\/bienvenue-a-avoriaz\/\"]}]},{\"@type\":\"ImageObject\",\"inLanguage\":\"fr-FR\",\"@id\":\"https:\/\/locappartavoriaz.com\/index.php\/bienvenue-a-avoriaz\/#primaryimage\",\"url\":\"https:\/\/locappartavoriaz.com\/wp-content\/uploads\/2020\/09\/best4.png\",\"contentUrl\":\"https:\/\/locappartavoriaz.com\/wp-content\/uploads\/2020\/09\/best4.png\",\"width\":342,\"height\":250},{\"@type\":\"BreadcrumbList\",\"@id\":\"https:\/\/locappartavoriaz.com\/index.php\/bienvenue-a-avoriaz\/#breadcrumb\",\"itemListElement\":[{\"@type\":\"ListItem\",\"position\":1,\"name\":\"Accueil\",\"item\":\"https:\/\/locappartavoriaz.com\/\"},{\"@type\":\"ListItem\",\"position\":2,\"name\":\"Bienvenue \u00e0 Avoriaz\"}]},{\"@type\":\"WebSite\",\"@id\":\"https:\/\/locappartavoriaz.com\/#website\",\"url\":\"https:\/\/locappartavoriaz.com\/\",\"name\":\"locappartavoriaz.com\",\"description\":\"Un site utilisant WordPress\",\"publisher\":{\"@id\":\"https:\/\/locappartavoriaz.com\/#organization\"},\"potentialAction\":[{\"@type\":\"SearchAction\",\"target\":{\"@type\":\"EntryPoint\",\"urlTemplate\":\"https:\/\/locappartavoriaz.com\/?s={search_term_string}\"},\"query-input\":{\"@type\":\"PropertyValueSpecification\",\"valueRequired\":true,\"valueName\":\"search_term_string\"}}],\"inLanguage\":\"fr-FR\"},{\"@type\":\"Organization\",\"@id\":\"https:\/\/locappartavoriaz.com\/#organization\",\"name\":\"loc appart avoriaz\",\"url\":\"https:\/\/locappartavoriaz.com\/\",\"logo\":{\"@type\":\"ImageObject\",\"inLanguage\":\"fr-FR\",\"@id\":\"https:\/\/locappartavoriaz.com\/#\/schema\/logo\/image\/\",\"url\":\"https:\/\/locappartavoriaz.com\/wp-content\/uploads\/2024\/09\/logo.jpg\",\"contentUrl\":\"https:\/\/locappartavoriaz.com\/wp-content\/uploads\/2024\/09\/logo.jpg\",\"width\":698,\"height\":395,\"caption\":\"loc appart avoriaz\"},\"image\":{\"@id\":\"https:\/\/locappartavoriaz.com\/#\/schema\/logo\/image\/\"},\"sameAs\":[\"https:\/\/www.facebook.com\/profile.php?id=100016065439269\"]}]}<\/script>\n<!-- \/ Yoast SEO plugin. -->","yoast_head_json":{"title":"Bienvenue \u00e0 Avoriaz -","robots":{"index":"index","follow":"follow","max-snippet":"max-snippet:-1","max-image-preview":"max-image-preview:large","max-video-preview":"max-video-preview:-1"},"canonical":"https:\/\/locappartavoriaz.com\/index.php\/bienvenue-a-avoriaz\/","og_locale":"fr_FR","og_type":"article","og_title":"Bienvenue \u00e0 Avoriaz -","og_description":"Quoi de mieux que des r\u00e9compenses pour pr\u00e9senter une station ? &nbsp; La station d&rsquo;Avoriaz, cr\u00e9e en 1966 par Jean Vuarnet est situ\u00e9e \u00e0 1 800 m d&rsquo;altitude sur le territoire de la commune de Morzine en Haute-Savoie, est sans &hellip; Lire la suite\u00ad\u00ad","og_url":"https:\/\/locappartavoriaz.com\/index.php\/bienvenue-a-avoriaz\/","article_publisher":"https:\/\/www.facebook.com\/profile.php?id=100016065439269","article_modified_time":"2024-09-07T18:53:04+00:00","og_image":[{"url":"https:\/\/locappartavoriaz.com\/wp-content\/uploads\/2020\/09\/best4.png","type":"","width":"","height":""}],"twitter_card":"summary_large_image","twitter_misc":{"Dur\u00e9e de lecture estim\u00e9e":"3 minutes"},"schema":{"@context":"https:\/\/schema.org","@graph":[{"@type":"WebPage","@id":"https:\/\/locappartavoriaz.com\/index.php\/bienvenue-a-avoriaz\/","url":"https:\/\/locappartavoriaz.com\/index.php\/bienvenue-a-avoriaz\/","name":"Bienvenue \u00e0 Avoriaz -","isPartOf":{"@id":"https:\/\/locappartavoriaz.com\/#website"},"primaryImageOfPage":{"@id":"https:\/\/locappartavoriaz.com\/index.php\/bienvenue-a-avoriaz\/#primaryimage"},"image":{"@id":"https:\/\/locappartavoriaz.com\/index.php\/bienvenue-a-avoriaz\/#primaryimage"},"thumbnailUrl":"https:\/\/locappartavoriaz.com\/wp-content\/uploads\/2020\/09\/best4.png","datePublished":"2020-09-06T15:27:32+00:00","dateModified":"2024-09-07T18:53:04+00:00","breadcrumb":{"@id":"https:\/\/locappartavoriaz.com\/index.php\/bienvenue-a-avoriaz\/#breadcrumb"},"inLanguage":"fr-FR","potentialAction":[{"@type":"ReadAction","target":["https:\/\/locappartavoriaz.com\/index.php\/bienvenue-a-avoriaz\/"]}]},{"@type":"ImageObject","inLanguage":"fr-FR","@id":"https:\/\/locappartavoriaz.com\/index.php\/bienvenue-a-avoriaz\/#primaryimage","url":"https:\/\/locappartavoriaz.com\/wp-content\/uploads\/2020\/09\/best4.png","contentUrl":"https:\/\/locappartavoriaz.com\/wp-content\/uploads\/2020\/09\/best4.png","width":342,"height":250},{"@type":"BreadcrumbList","@id":"https:\/\/locappartavoriaz.com\/index.php\/bienvenue-a-avoriaz\/#breadcrumb","itemListElement":[{"@type":"ListItem","position":1,"name":"Accueil","item":"https:\/\/locappartavoriaz.com\/"},{"@type":"ListItem","position":2,"name":"Bienvenue \u00e0 Avoriaz"}]},{"@type":"WebSite","@id":"https:\/\/locappartavoriaz.com\/#website","url":"https:\/\/locappartavoriaz.com\/","name":"locappartavoriaz.com","description":"Un site utilisant WordPress","publisher":{"@id":"https:\/\/locappartavoriaz.com\/#organization"},"potentialAction":[{"@type":"SearchAction","target":{"@type":"EntryPoint","urlTemplate":"https:\/\/locappartavoriaz.com\/?s={search_term_string}"},"query-input":{"@type":"PropertyValueSpecification","valueRequired":true,"valueName":"search_term_string"}}],"inLanguage":"fr-FR"},{"@type":"Organization","@id":"https:\/\/locappartavoriaz.com\/#organization","name":"loc appart avoriaz","url":"https:\/\/locappartavoriaz.com\/","logo":{"@type":"ImageObject","inLanguage":"fr-FR","@id":"https:\/\/locappartavoriaz.com\/#\/schema\/logo\/image\/","url":"https:\/\/locappartavoriaz.com\/wp-content\/uploads\/2024\/09\/logo.jpg","contentUrl":"https:\/\/locappartavoriaz.com\/wp-content\/uploads\/2024\/09\/logo.jpg","width":698,"height":395,"caption":"loc appart avoriaz"},"image":{"@id":"https:\/\/locappartavoriaz.com\/#\/schema\/logo\/image\/"},"sameAs":["https:\/\/www.facebook.com\/profile.php?id=100016065439269"]}]}},"_links":{"self":[{"href":"https:\/\/locappartavoriaz.com\/index.php\/wp-json\/wp\/v2\/pages\/1152","targetHints":{"allow":["GET"]}}],"collection":[{"href":"https:\/\/locappartavoriaz.com\/index.php\/wp-json\/wp\/v2\/pages"}],"about":[{"href":"https:\/\/locappartavoriaz.com\/index.php\/wp-json\/wp\/v2\/types\/page"}],"author":[{"embeddable":true,"href":"https:\/\/locappartavoriaz.com\/index.php\/wp-json\/wp\/v2\/users\/1"}],"replies":[{"embeddable":true,"href":"https:\/\/locappartavoriaz.com\/index.php\/wp-json\/wp\/v2\/comments?post=1152"}],"version-history":[{"count":46,"href":"https:\/\/locappartavoriaz.com\/index.php\/wp-json\/wp\/v2\/pages\/1152\/revisions"}],"predecessor-version":[{"id":2011,"href":"https:\/\/locappartavoriaz.com\/index.php\/wp-json\/wp\/v2\/pages\/1152\/revisions\/2011"}],"wp:attachment":[{"href":"https:\/\/locappartavoriaz.com\/index.php\/wp-json\/wp\/v2\/media?parent=1152"}],"curies":[{"name":"wp","href":"https:\/\/api.w.org\/{rel}","templated":true}]}}